-707434
In base 11, what is 2711 + a0?
2801
In base 12, what is -3 + -95b4?
-95b7
In base 4, what is -2320 - 1030222?
-1033202
In base 16, what is 9d + 5f?
fc
In base 7, what is -116234 - 3?
-116240
In base 10, what is -179 + -502?
-681
In base 16, what is 3eaa7 + -5?
3eaa2
In base 14, what is 53bb7 + -3?
53bb4
In base 11, what is 45 - 42970?
-42926
In base 8, what is -12640106 + -2?
-12640110
In base 12, what is 1356b - 6?
13565
In base 12, what is 3 + -7b552?
-7b54b
In base 4, what is -211031 + -101?
-211132
In base 3, what is 120220 + 1001?
121221
In base 3, what is -112 + 102101202011?
102101201122
In base 9, what is 8 - 5610?
-5601
In base 10, what is 5 + 11632?
11637
In base 8, what is -6107211 + 3?
-6107206
In base 15, what is -c0 + -3ae?
-47e
In base 6, what is -50311552 + 5?
-50311543
In base 11, what is -5 + -11408a?
-114094
In base 9, what is -30 + -6357?
-6387
In base 2, what is -10001011010010 + 0?
-10001011010010
In base 9, what is 72 + -33558?
-33476
In base 8, what is 7 - -44655?
44664
In base 8, what is 2 + -1153164?
-1153162
In base 5, what is -2301431 - -2?
-2301424
In base 4, what is -112 + 210202?
210030
In base 2, what is -10111111000000010111 - 0?
-10111111000000010111
In base 8, what is 436 + 7?
445
In base 3, what is -12202010210 - 12?
-12202010222
In base 2, what is 1111 - -10101011101110010?
10101011110000001
In base 7, what is 34 - -10305?
10342
In base 4, what is -311 + -1101311?
-1102222
In base 10, what is -3044 - -10?
-3034
In base 13, what is 3 - 681?
-67b
In base 13, what is 29 - -1093?
10bc
In base 3, what is -22 - 21001212?
-21002011
In base 16, what is -2 - 4d356?
-4d358
In base 11, what is -31909 - 3?
-31911
In base 6, what is -4031 + -341?
-4412
In base 8, what is 2 + 622447?
622451
In base 6, what is -140233 + -130?
-140403
In base 3, what is -211 - 202121?
-210102
In base 6, what is -2141013 - -5?
-2141004
In base 11, what is -130 + 351?
221
In base 11, what is -2422 - -226?
-21a7
In base 3, what is 1 - -121212121111?
121212121112
In base 12, what is -1 - 6383?
-6384
In base 12, what is 14373 + 4?
14377
In base 14, what is -15 + -aa70?
-aa85
In base 4, what is -30 + 202320?
202230
In base 12, what is 5709a + 2?
570a0
In base 9, what is 6708 - 62?
6636
In base 12, what is -243655 + -2?
-243657
In base 3, what is -111102221101 - -211?
-111102220120
In base 14, what is 3 + 5388?
538b
In base 5, what is 13040 - 42?
12443
In base 4, what is 1000130000 + 3?
1000130003
In base 12, what is -13 + -2410?
-2423
In base 9, what is 774084 - -1?
774085
In base 5, what is 1442004 - 10?
1441444
In base 15, what is -1aa36 + -1?
-1aa37
In base 3, what is 2012222 + -1022?
2011200
In base 5, what is 1112 - -101?
1213
In base 13, what is 1a - -45a3?
45c0
In base 4, what is -11330000232 + -11?
-11330000303
In base 9, what is -40732 - -4?
-40727
In base 4, what is 3 - 300223312?
-300223303
In base 7, what is -11536033 - 0?
-11536033
In base 15, what is 291cd + 2?
291d0
In base 5, what is 12 - -222440?
223002
In base 6, what is 1433 - 21002?
-15125
In base 8, what is -17464 + 10?
-17454
In base 16, what is -1f8 - 48?
-240
In base 16, what is 14 - c790?
-c77c
In base 10, what is 1 + -10878?
-10877
In base 2, what is 1100000000110011 - 11?
1100000000110000
In base 14, what is 0 + -18b217?
-18b217
In base 4, what is 1 - 1123212023?
-1123212022
In base 12, what is 3 + 18059?
18060
In base 2, what is 10010000000 + 11111100?
10101111100
In base 6, what is -1402003 - 3?
-1402010
In base 6, what is -4 + 424052?
424044
In base 4, what is 0 + -11212330?
-11212330
In base 3, what is -201 - 1011100?
-1012001
In base 13, what is -4393a + -8?
-43945
In base 6, what is 1153 + -2151?
-554
In base 12, what is 2 - -a71?
a73
In base 13, what is -6a + -251?
-2bb
In base 10, what is 190 + 603?
793
In base 9, what is 33174 - -78?
33263
In base 13, what is 11 - 1680b?
-167ca
In base 11, what is 95a5 - -5a?
9654
In base 7, what is 33263 + 6?
33302
In base 9, what is 3115 - 16?
3088
In base 4, what is -11031200 - -3?
-11031131
In base 2, what is -110101 - 100101?
-1011010
In base 3, what is 20012122210000 + 11?
20012122210011
In base 8, what is 3110 - 16?
3072
In base 10, what is -696311 - -5?
-696306
In base 9, what is -53 - -1673?
1620
In base 10, what is 5 - -49469?
49474
In base 5, what is -10210 + -331204?
-341414
In base 2, what is -1111000111 + 10000?
-1110110111
In base 7, what is 5 + -230164?
-230156
In base 14, what is 31314 + 4?
31318
In base 15, what is -ab72 + -20?
-ab92
In base 12, what is 1a96b24 + -1?
1a96b23
In base 5, what is 1000303 - -320?
1001123
In base 9, what is -6 + -166318?
-166325
In base 15, what is 0 - -dad?
dad
In base 15, what is -5d - -5b7?
559
In base 4, what is 22211010 + 0?
22211010
In base 6, what is -12 - -141452?
141440
In base 3, what is 0 + -101200222021?
-101200222021
In base 10, what is 15147 + -8?
15139
In base 12, what is 6 + 46984?
4698a
In base 15, what is 1b30d + -22?
1b2db
In base 14, what is 5 + -a3534?
-a352d
In base 13, what is 1 - 560?
-55c
In base 8, what is 5 + 4463?
4470
In base 10, what is 4 - 4245?
-4241
In base 7, what is -43212 + 40?
-43142
In base 7, what is 4544 - -205?
5052
In base 6, what is 105 - 54421?
-54312
In base 8, what is 530 - 740?
-210
In base 8, what is -2 + 160660?
160656
In base 3, what is -1021201222122 - 10?
-1021201222202
In base 12, what is -164 - -112?
-52
In base 12, what is 8aaa4 - -3?
8aaa7
In base 13, what is 1ba476 - -2?
1ba478
In base 5, what is -13100 - 1300?
-14400
In base 6, what is -250 + 51302?
51012
In base 9, what is -81 + 341?
250
In base 8, what is -575702 + 4?
-575676
In base 6, what is 305155 - 14?
305141
In base 4, what is -23032 - 10310?
-100002
In base 6, what is 10052 - 1?
10051
In base 7, what is 16 - -1054?
1103
In base 14, what is -13 + -b910?
-b923
In base 9, what is 4 - -27050?
27054
In base 11, what is 1a568 - 13?
1a555
In base 11, what is -1392 + -1a?
-1401
In base 7, what is -15045 - 3?
-15051
In base 8, what is 36456 - 5?
36451
In base 12, what is -5 + -2287?
-2290
In base 10, what is 27 + -15402?
-15375
In base 7, what is 342 - -3005?
3350
In base 12, what is -5b + 67?
8
In base 6, what is -5 - 350013?
-350022
In base 8, what is 5 - 2464?
-2457
In base 3, what is -12 - 1002122101?
-1002122120
In base 12, what is -94487 + -4?
-9448b
In base 5, what is -102 + -101043?
-101200
In base 7, what is 401 - -4560?
5261
In base 13, what is -6a + -1320?
-138a
In base 16, what is -1566 - 2f?
-1595
In base 4, what is 2032013 + -20?
2031333
In base 13, what is -a + 6b652?
6b645
In base 2, what is -101 - 1100100001110001?
-1100100001110110
In base 9, what is 60 - -121?
181
In base 11, what is 8351 + -a4?
8258
In base 15, what is db79 + 4?
db7d
In base 16, what is 72c5 + -4?
72c1
In base 12, what is 167 + -32b?
-184
In base 7, what is 201 + -15360?
-15156
In base 14, what is 0 + -231cb?
-231cb
In base 15, what is 9 + -16a4a?
-16a41
In base 8, what is -3546 - -55?
-3471
In base 4, what is -22300 + 2101?
-20133
In base 4, what is -1230 - -220113?
212223
In base 4, what is -2313 + -3003?
-11322
In base 8, what is -1122230 + 5?
-1122223
In base 5, what is -224 - 14402?
-20131
In base 14, what is 59 - 48?
11
In base 3, what is -102111202210 - 0?
-102111202210
In base 6, what is 25 - -53051?
53120
In base 10, what is -15 + -1199?
-1214
In base 6, what is 42321 + -543?
41334
In base 16, what is -d - -33d6?
33c9
In base 8, what is 310225 + 4?
310231
In base 9, what is 6660 - -34?
6704
In base 7, what is -1 - 12236?
-12240
In base 6, what is 55 + 133352?
133451
In base 16, what is -68f - 9b?
-72a
In base 13, what is -2c + 2a9?
27a
In base 14, what is -16 - -569a?
5684
In base 15, what is -2 - 7e5?
-7e7
In base 2, what is -1101000000111101 + 100?
-1101000000111001
In base 5, what is -2342322 + 4?
-2342313
In base 5, what is 124 + -2030?
-1401
In base 3, what is 102101112221 - -100?
102101120021
In base 7, what is 54362 + -36?
54323
In base 6, what is 10 - -1330?
1340
In base 2, what is 100 + 110001011111?
110001100011
In base 9, what is -2271328 + 4?
-2271324
In base 7, what is -5 + -1650664?
-1651002
In base 12, what is 20b + 51?
260
In base 4, what is -30222 + 332?
-23230
In base 15, what is -1 - 2383?
-2384
In base 8, what is -1204 + 205?
-777
In base 15, wha